0?
0
What is the thousands digit of 3038711862?
1
What is the thousands digit of 55960625?
0
What is the units digit of 5029614372?
2
What is the thousands digit of 93156744?
6
What is the tens digit of 846359339?
3
What is the ten millions digit of 344107173?
4
What is the thousands digit of 426860574?
0
What is the ten thousands digit of 690592879?
9
What is the ten thousands digit of 1879839902?
3
What is the hundred millions digit of 612650528?
6
What is the thousands digit of 2336079670?
9
What is the thousands digit of 5857466?
7
What is the millions digit of 68444348?
8
What is the millions digit of 1184026707?
4
What is the ten thousands digit of 2742017?
4
What is the tens digit of 343054488?
8
What is the units digit of 327966344?
4
What is the hundred millions digit of 2022167880?
0
What is the millions digit of 1107308325?
7
What is the ten millions digit of 44294280?
4
What is the ten thousands digit of 9281083?
8
What is the hundreds digit of 428391873?
8
What is the units digit of 37358763?
3
What is the hundred thousands digit of 63372105?
3
What is the hundred thousands digit of 357344082?
3
What is the hundreds digit of 1072999176?
1
What is the hundreds digit of 944062552?
5
What is the tens digit of 61343472?
7
What is the millions digit of 50546910?
0
What is the thousands digit of 62985799?
5
What is the tens digit of 79415576?
7
What is the millions digit of 126527732?
6
What is the hundred thousands digit of 1226446991?
4
What is the thousands digit of 51081593?
1
What is the millions digit of 29513343?
9
What is the ten thousands digit of 58006010?
0
What is the ten thousands digit of 425969532?
6
What is the ten thousands digit of 123013215?
1
What is the ten thousands digit of 130383154?
8
What is the ten thousands digit of 98720660?
2
What is the thousands digit of 18898651?
8
What is the millions digit of 848292565?
8
What is the hundreds digit of 1182222800?
8
What is the billions digit of 2192908225?
2
What is the hundreds digit of 1838597994?
9
What is the millions digit of 13318660?
3
What is the hundred millions digit of 5070220935?
0
What is the millions digit of 238078709?
8
What is the millions digit of 20721798?
0
What is the ten thousands digit of 1093723883?
2
What is the millions digit of 97119165?
7
What is the tens digit of 3770252940?
4
What is the hundred thousands digit of 10271981?
2
What is the millions digit of 1866061044?
6
What is the millions digit of 384071295?
4
What is the ten thousands digit of 9170838?
7
What is the hundred millions digit of 2920258656?
9
What is the hundreds digit of 55838449?
4
What is the ten thousands digit of 191141835?
4
What is the thousands digit of 1132577854?
7
What is the thousands digit of 629016271?
6
What is the units digit of 383351214?
4
What is the units digit of 937530116?
6
What is the hundreds digit of 3383751126?
1
What is the units digit of 801235925?
5
What is the billions digit of 7871771562?
7
What is the ten millions digit of 1838514856?
3
What is the units digit of 30739326?
6
What is the ten millions digit of 88192073?
8
What is the units digit of 1383389213?
3
What is the units digit of 629970350?
0
What is the units digit of 108319925?
5
What is the ten millions digit of 344138788?
4
What is the hundred thousands digit of 803702816?
7
What is the thousands digit of 435922876?
2
What is the units digit of 2259699795?
5
What is the tens digit of 1293481307?
0
What is the units digit of 427470147?
7
What is the hundred millions digit of 103858352?
1
What is the hundreds digit of 1013909628?
6
What is the thousands digit of 4540439355?
9
What is the hundred millions digit of 1779400947?
7
What is the tens digit of 70513096?
9
What is the billions digit of 3262790652?
3
What is the units digit of 5642256491?
1
What is the hundred millions digit of 770934012?
7
What is the thousands digit of 81096722?
6
What is the tens digit of 40190514?
1
What is the millions digit of 3308020314?
8
What is the hundreds digit of 83478044?
0
What is the units digit of 132666204?
4
What is the hundreds digit of 55914661?
6
What is the hundred thousands digit of 273781705?
7
What is the millions digit of 717501343?
7
What is the tens digit of 1701144183?
8
What is the hundred thousands digit of 27094442?
0
What is the units digit of 122811492?
2
What is the tens digit of 464756356?
5
What is the ten millions digit of 160793500?
6
What is the millions digit of 25458748?
5
What is the hundreds digit of 34396009?
0
What is the hundred millions digit of 300997512?
3
What is the ten thousands digit of 1538367820?
6
What is the hundred thousands digit of 313516230?
5
What is the ten millions digit of 63674448?
6
What is the hundred thousands digit of 4813613743?
6
What is the tens digit of 609628986?
8
What is the thousands digit of 14017996?
7
What is the millions digit of 1773463834?
3
What is the ten thousands digit of 488407762?
0
What is the millions digit of 376048030?
6
What is the thousands digit of 1483868986?
8
What is the hundred thousands digit of 6244528985?
5
What is the units digit of 475888660?
0
What is the ten thousands digit of 650387456?
8
What is the millions digit of 3885897495?
5
What is the hundreds digit of 83671670?
6
What is the hundred thousands digit of 185011500?
0
What is the millions digit of 1112951549?
2
What is the millions digit of 103323173?
3
What is the units digit of 230926203?
3
What is the hundred millions digit of 5876819445?
8
What is the units digit of 331740280?
0
What is the hundred thousands digit of 168223170?
2
What is the millions digit of 43071066?
3
What is the millions digit of 80423332?
0
What is the ten millions digit of 48087728?
4
What is the tens digit of 1763406988?
8
What is the units digit of 51577720?
0
What is the hundred thousands digit of 45051909?
0
What is the units digit of 12976139?
9
What is the tens digit of 71675934?
3
What is the ten thousands digit of 68854743?
5
What is the millions digit of 43734233?
3
What is the hundred thousands digit of 191217477?
2
What is the tens digit of 107550156?
5
What is the units digit of 317016635?
5
What is the hundreds digit of 497360770?
7
What is the hundreds digit of 68760476?
4
What is the ten millions digit of 978819679?
7
What is the ten thousands digit of 374971414?
7
What is the units digit of 553810041?
1
What is the tens digit of 154293771?
7
What is the tens digit of 3026106587?
8
What is the tens digit of 414005509?
0
What is the units digit of 21642406?
6
What is the ten millions digit of 18977439?
1
What is the hundred millions digit of 1206566916?
2
What is the ten millions digit of 2977407452?
7
What is the ten thousands digit of 270366327?
6
What is the hundred millions digit of 2649583703?
6
What is the hundred millions digit of 1712038753?
7
What is the ten thousands digit of 4626407613?
0
What is the hundreds digit of 490649839?
8
What is the millions digit of 206721566?
6
What is the ten thousands digit of 1145912747?
1
What is the thousands digit of 206496487?
6
What is the ten thousands digit of 818932542?
3
What is the tens digit of 582935547?
4
What is the hundred thousands digit of 264360526?
3
What is the hundreds digit of 703050764?
7
What is the units digit of 123654546?
6
What is the thousands digit of 1233377238?
7
What is the thousands digit of 188667789?
7
What is the hundred millions digit of 767530118?
7
What is the billions digit of 1766691261?
1
What is the hundreds digit of 186340758?
7
What is the units digit of 37013283?
3
What is the units digit of 320452407?
7
What is the millions digit of 12751204?
2
What is the millions digit of 105410328?
5
What is the ten millions digit of 31831561?
3
What is the units digit of 118246246?
6
What is the units digit of 2407176?
6
What is the ten thousands digit of 13951017?
5
What is the thousands digit of 790469512?
9
What is the millions digit of 380823729?
0
What is the ten millions digit of 504214667?
0
What is the hundred thousands digit of 23818098?
8
What is the hundred millions digit of 135990178?
1
What is the ten thousands digit of 3426995?
2
What is the ten millions digit of 17247438?
1
What is the units digit of 421235745?
5
What is the ten thousands digit of 187413999?
